z(-23).
1
Let n(i) = 4*i + 20. Let p(w) = 6*w + 33. Suppose -10*t - 240 = -40*t. Let g(m) = t*n(m) - 5*p(m). Let v be (6/7)/((-3)/(-21)). What is g(v)?
7
Let m(f) = -2*f + 3. Let r be 232/10 + 1/(-5). Suppose 16*k - 49 = r*k. Give m(k).
17
Let j(t) = -19*t**3 - 15*t**2 + 35*t + 20. Let b(w) = -35*w**3 - 24*w**2 + 64*w + 40. Let o(d) = -6*b(d) + 11*j(d). Let q = 18 + 3. Calculate o(q).
1
Let r(i) = -5*i**3 + 101*i - 2. Let v(o) = 4*o**3 - 85*o + 2. Let u(w) = 3*r(w) + 4*v(w). Calculate u(6).
-4
Let j(m) = -67*m**2 + 7*m + 44*m**2 + 27*m**2. Let v be j(-2). Let t(b) = -b**3 + 3*b**2 - 1. Determine t(v).
3
Let o(u) = -180 - 2*u + u**2 - 198 - 198 + 566. Calculate o(0).
-10
Let b(s) = s - 24. Let w(v) = -v**2 + 19*v - 124. Let q(t) = -6*b(t) + w(t). Calculate q(9).
56
Suppose 8 = -2*p + c, -12 = -p + 3*c - 6. Let a(u) = u**3 + 4*u**2 - 14*u - 5. What is a(p)?
7
Let y(m) be the second derivative of -1/20*m**5 - 9*m - 3*m**2 - 1/2*m**4 + 0 - 5/6*m**3. Let n(j) = j**2 + 7*j + 1. Let o be n(-6). What is y(o)?
-6
Let v = 9979 - 9985. Let w(f) = 38*f + 228. What is w(v)?
0
Let x(c) = 6*c + 1. Let o = -610 - -859. Let y be -1*(o/27 - (-4)/(-18)). Let i be (-1*(-3)/y)/((-1)/3). Give x(i).
7
Let l = 5502 + -5499. Let f(c) = -2*c**2 - 3*c + 22. What is f(l)?
-5
Let n(l) = 241*l - 1552. Let p(c) = 77*c - 519. Let b(f) = 6*n(f) - 19*p(f). Calculate b(32).
5
Let r(n) = -4*n - 12. Let g be (-2)/(-5) + (-13 - 323/95). Determine r(g).
52
Let s(t) be the first derivative of t + 3*t + 2*t**2 - 2 - t**2. Let n(p) = 6*p + 11. Let z(g) = 4*n(g) - 11*s(g). What is z(6)?
12
Let j(u) = -9*u - 61. Let w(h) = -7*h - 43. Let d(n) = 4*j(n) - 5*w(n). Calculate d(3).
-32
Let b(a) be the third derivative of -a**6/120 - a**5/4 - 11*a**4/24 + 23*a**3/6 + 213*a**2. What is b(-14)?
-19
Let k(y) be the first derivative of y**3 - 11*y**2/2 + 12*y + 1202. Calculate k(3).
6
Let z(p) = -p**2 - 5. Let o be ((-38)/4)/(4/(-8)). Let g be (-7 + o)/(3/2). Let l be (1 + -1)/(g - 6). Calculate z(l).
-5
Suppose -517 = 6*w + 2117. Let b = w + 440. Let z(p) = -22*p**3 + p. Determine z(b).
-21
Let y(d) be the third derivative of 0*d - 1/3*d**3 + 1/24*d**4 + 0 - 62*d**2 + 1/60*d**5. Give y(2).
4
Let s(x) = -5*x - 8. Suppose -73 = -4*b + 5*a, -5*b = a - 97 - 16. Suppose 0 = 11*o + b. What is s(o)?
2
Let h be ((-32)/(-12) - 2)/((-178)/1335). Let v = 9 + -6. Let s(y) = y + v*y - y + 7. Calculate s(h).
-8
Let f be (-30 + 30)/33 + 1*8. Let p(j) = -3*j - 28. Calculate p(f).
-52
Let i = -161 - -164. Let c(m) = 0*m + 215*m**3 - 4*m - 429*m**i + 213*m**3 - 4 - 5*m**2. Calculate c(-3).
-10
Let o(n) = n**2 - 12*n - 11. Let g be o(13). Let x(p) = 5*p + 8*p + 2*p + p**g + 6 - 6*p. Let y = -3291 + 3285. Give x(y).
-12
Suppose -3*d = 7 - 25. Suppose 5*k - d = -k. Let b(o) = 6*o - k + 2 - o**2 + 3 - 1. Give b(6).
3
Let g(s) = -456*s - 452*s + 909*s. Let x be (2 + -1)/((-6)/(-18)). Suppose x*z + 6 = 3. What is g(z)?
-1
Let z(a) be the first derivative of -4/3*a**3 + 1/4*a**4 - 4*a + 68 - 3/2*a**2. Give z(5).
6
Let f(n) = -12*n**3 - 19*n**2 + 250*n + 13. Let i(g) = -11*g**3 - 18*g**2 + 229*g + 11. Let t(p) = -10*f(p) + 11*i(p). Determine t(-10).
1
Suppose 193 = -2*u + 191, -5*u = s + 3. Let t(a) be the first derivative of a + 1/2*a**s - 18. Calculate t(1).
2
Let c(u) = -27*u + 6*u - 3 + 2 + 5*u. Let g(r) = 13*r + 1. Let m(y) = -4*c(y) - 5*g(y). Let h = 2 - 4. Determine m(h).
1
Let l(n) be the second derivative of n**6/90 - n**4/12 - n**3 + 8*n. Let a(k) be the second derivative of l(k). Let j be (24/6)/(3/(6/(-4))). Determine a(j).
14
Let h(a) = a**2 + 0 - 2*a - 2 - 5. Let t be (-17)/((-102)/468) - -4. Suppose -7*f - 47 + t = 0. What is h(f)?
8
Let i(c) = 59*c. Let w(g) = 15*g. Let f be 9 - (0/1)/4. Let k(x) = f*w(x) - 2*i(x). Let v(s) = s**3 - 3*s**2 + s - 2. Let t be v(3). Determine k(t).
17
Suppose 0 = 3*h - 2*g - 11, g - 5 = -h + 2*g. Let s(a) = 154 + 192 + 153 - 10*a**2 - 498 - a. What is s(h)?
-10
Suppose -3*k = -3*v - 1059, 4*k - 290 = v + 54. Let b = v - -352. Let y(m) = -m. What is y(b)?
4
Let z(o) = -7*o + 4. Suppose -5*d = i - 47 + 33, 2*i - 4*d + 28 = 0. What is z(i)?
46
Let d be (4 + -3)*(-4)/2. Let z(r) = -r**3 + r**2 + 9*r - 7. Let p be z(3). Let t(i) = -6 + 14*i**p + 4 - 13*i**2 - 3*i - i**3. Calculate t(d).
16
Suppose 5*p = 9*p - 4*t - 52, 0 = 2*p + 2*t - 38. Let o(h) = -58*h**2 + 21*h**2 + 22*h**2 + p*h**2 + 8 + 9*h. Let g be 52/(-9) + (-2)/9. Calculate o(g).
-10
Let r(s) = 14*s**2 - 16*s + 15. Let c(t) = -9*t**2 + 9*t - 9. Let u(g) = -5*c(g) - 3*r(g). Suppose -h - 5*m + 18 + 4 = 0, -m + 11 = -2*h. What is u(h)?
18
Suppose -2*f = -t + 22, -f = 4*t + 3*f - 100. Let v = 330 - 317. Let g(b) = v - t - b + 18. Determine g(5).
2
Let a(u) = u**3 - 7*u**2 - 8*u - 2. Let i(r) = r + 22. Let y(n) = -6*n - 26. Let g be y(-6). Let l be 0 - 27/2 - 5/g. Let j be i(l). Give a(j).
-2
Let l(d) = -2*d**2 - 7*d + 2. Let w(v) = 14*v**2 + 113*v - 247. Let f(z) = 3*z**2 + 28*z - 62. Let j(n) = -9*f(n) + 2*w(n). Let c be j(23). Calculate l(c).
-13
Let t(i) = 599 + 13*i + 14*i - 25*i - 604. Let c be -2 - (3 + -1 - 9). Determine t(c).
5
Let a(f) = -2*f**2 - 40*f - 24. Let k be a(-19). Let m(c) = c**2 + k - 39 + 10 + 7 - c. What is m(4)?
4
Let w(i) be the third derivative of 1/120*i**6 - 3*i**2 + 0*i**4 - 1/20*i**5 + 0 - 12*i - 1/2*i**3. Calculate w(3).
-3
Let y(b) = 18*b**2 - 10*b - 10. Let o be y(-1). Suppose 37*i + o = 43*i. Let a(x) = x**3 - 3*x**2 - 2*x - 1. Calculate a(i).
-7
Suppose -2*t - 3*t = -4*q - 2, 0 = -3*t + 3*q. Let y(l) = l. Let r be y(t). Let h(o) = -2*o + 1 - 346*o**2 + 347*o**r + o. Give h(-2).
7
Let j(v) = 43*v**2 - 14*v + 31. Let s(n) = -n**3 - 9*n**2 - 20*n - 17. Let m be s(-5). Let t(u) = -14*u**2 + 5*u - 11. Let k(w) = m*t(w) - 6*j(w). Give k(1).
-20
Let n(u) be the first derivative of -7*u**3/3 + u - 6. Let c(f) = -6*f**2 + f + 1. Let x be 2*-3 - (8/2)/(-4). Let i(v) = x*n(v) + 6*c(v). Give i(6).
1
Let n(v) be the second derivative of -v**4/12 - 63*v**2/2 - 1460*v. Determine n(0).
-63
Let a(v) = v - 1. Suppose g - 16*g - g - 96 = 0. Let z(b) = 3*b - 3. Let r(n) = 9*n - 10. Let f(s) = 2*r(s) - 7*z(s). Let k(d) = g*a(d) - f(d). Calculate k(-5).
20
Let x(y) = 34 - 279*y**3 - 12*y**2 - 2*y + 280*y**3 + 15 + y**2 - 15*y. Calculate x(12).
-11
Let d(b) = b**3 + 4*b**2 + 4*b + 1. Let j(m) = -23 - 54 + 73*m**2 - 2*m**3 + 7*m + 22*m + 10*m. Let u be j(37). Determine d(u).
-2
Let d(h) = h**2 - h + 4. Let i(z) = 1 - 1 + z. Let u(f) = -f**2 + 10. Let k be u(3). Let c(x) = k*d(x) + 6*i(x). Calculate c(-3).
-2
Let n(v) = -7*v**3 - 21*v**2 - 42*v + 28. Let h(a) = 11*a**3 + 31*a**2 + 65*a - 42. Let i(k) = -5*h(k) - 8*n(k). Give i(-12).
-2
Let v(x) = -x**3 - 3*x**2 - x + 4. Let f be -3 - ((-18)/20 - ((-22)/(-20))/11). What is v(f)?
2
Let k be (-5 - (-30)/5)/(1/4). Let q(a) = k*a - 3*a + 63 - 64 - a**2. Calculate q(1).
-1
Let i(y) = -2*y**2 + 3*y - 2. Let j(c) = c**2 + 279*c - 555*c + 275*c. Let s(r) = -i(r) + 2*j(r). Calculate s(3).
23
Let o(c) be the second derivative of -c**6/360 - 11*c**5/120 - 5*c**4/12 - c**3/6 + 15*c**2 + c - 25. Let l(a) be the second derivative of o(a). What is l(-7)?
18
Let b(j) = j**2 - 15*j + 37. Let m be b(12). Suppose -4*o + 4*v + 47 = -m, 16 = o - 2*v. Let u(w) = 13 + 1 - 5*w - o + w + w**2. Determine u(5).
11
Let y(q) be the second derivative of -q**4/12 + 5*q**3 - 85*q**2/2 - 48*q + 16. Give y(27).
-4
Let g(k) = 12*k + 98. Suppose -53*a - 54*a - 1448 + 271 = 0. Calculate g(a).
-34
Let y(v) = -19*v + 317. Let w be ((15/9)/(-5))/((-96)/4896). Give y(w).
-6
Let l(r) be the third derivative of r**6/120 + 3*r**5/20 + 25*r**3/6 + 7020*r**2. Calculate l(-9).
25
Let y(s) = -s**2 - 13*s - 34. Let k(d) = d**3 + 11*d**2 + 21*d - 24. Let g be k(-3). What is y(g)?
-64
Let c(x) be the second derivative of -3*x**5/20 - 7*x**4/4 - 19*x**3/6 + 3*x**2 - 3339*x. Give c(-6).
12
Suppose 0 = 8*n - 342 + 366. Let c(p) = -2 - 5*p**2 - 2*p + 3 + p + 3*p**2 - p**3. Give c(n).
13
Let o(r) = -28*r - r**3 - 65971 + 65971 - 30*r**2. Calculate o(-29).
-29
Let h(i) = -4*i + 7. Let m be (2/6 - -4)/(6/18). Suppose -m*k = -10*k - 6. What is h(k)?
-1
Suppose -232*z + 406 + 322 = -50*z. Let a(g) be the second derivative of -20*g - 1/12*g**z - g**3 - 3*g**2 + 0. What is a(-5)?
-1
Let l be 2/(8/6)*-2. Let y(s) = 37*s -